2*v + 50 = 173*v. Let x = -12 + v. Calculate the highest common factor of 95 and x.
19
Suppose 3*j + 2*b = 381, -j + 382 = -b + 255. Calculate the greatest common factor of j and 1.
1
Let r(f) = 302*f**2 - f. Let k be r(1). Let w = -933 - -940. What is the highest common factor of w and k?
7
Let b be (-4)/14*(-49)/2*5. Suppose f = -2*u + 6*u - 3217, 3*f - 3229 = -4*u. What is the highest common factor of u and b?
35
Let r(s) = 2*s**3 + s**2 - 12*s + 9. Suppose 0 = -15*p + 101 + 19. Let v be r(p). What is the highest common factor of v and 77?
77
Let u = -15 + 19. Suppose g = -u*g + 140. Suppose 2*f - g - 22 = 0. Calculate the highest common factor of 10 and f.
5
Let m(t) = -t**2 - 18*t + 187. Let f be m(-25). Suppose -f*j + 357 = -987. What is the highest common factor of 196 and j?
28
Suppose 4*g - 84 = -0*n + n, 4*g + 2*n - 84 = 0. Let q = -21 + g. Let y(u) = u**2 + 133. Let k be y(q). Calculate the greatest common divisor of 19 and k.
19
Let j = 33244 - 33212. Calculate the greatest common divisor of 37952 and j.
32
Suppose 71*f - 79*f + 30872 = 0. Calculate the highest common divisor of 454 and f.
227
Suppose 4*f = n - 20532, -36*n + 2*f - 41104 = -38*n. Calculate the highest common factor of 44 and n.
44
Suppose 2*k - 95 + 133 = 0. Let g(t) = t + 62. Let d be g(k). Calculate the highest common divisor of d and 344.
43
Suppose -4*q - 4*o = -92, 4*q + 708*o - 116 = 712*o. Calculate the highest common divisor of q and 30576.
26
Suppose 30 = 2*c - 40. Let z be 12/18*(-672)/(-64). What is the greatest common divisor of z and c?
7
Suppose 0*q - 3*v = 5*q - 18, -3*q + 14 = 5*v. Suppose 6 + 0 = -q*r. Let g = 5 + r. What is the greatest common factor of 15 and g?
3
Suppose -13*g + 11*g - 3*m + 2104 = 0, -2056 = -2*g + 5*m. Calculate the greatest common divisor of 2980 and g.
149
Suppose 0 = 5*q + 3*t - 8400, 5*q = -2*t - 2926 + 11326. What is the greatest common divisor of q and 4830?
210
Let g(q) = -q**2 - 26*q - 143. Let b = -279 - -263. Let z be g(b). What is the greatest common factor of z and 17?
17
Suppose -4*y + 3*s = -99, 0*s + s - 3 = 0. Suppose 4*z = 12*z + 168. Let l be (-4 - z/6)*-54. Calculate the highest common divisor of l and y.
27
Let m(w) = -4 + 44*w**3 + 5*w**2 + 2 + 3*w**2 - 45*w**3 - 4*w. Let z be m(7). What is the highest common factor of z and 76?
19
Suppose -1177 + 19416 = 61*z. Calculate the highest common factor of z and 65.
13
Let x(v) = 19*v**2 - 25*v + 41. Let c be x(11). Calculate the highest common factor of c and 7.
7
Let o be (84/(-210))/((-3)/17085). Calculate the greatest common divisor of o and 34.
34
Let j be 1 - -6 - (-17)/((-136)/(-32)). What is the greatest common factor of 5357 and j?
11
Let z(u) be the first derivative of -u**4/2 - 23*u**3/3 - 11*u**2/2 + 21*u + 109. Let f be z(-11). Calculate the greatest common divisor of 15 and f.
3
Suppose -3*s = s - 100. Suppose s = -l + 6*l. Let r(z) = 2*z**3 + 160*z**2 - 4*z - 315. Let x be r(-80). Calculate the highest common factor of l and x.
5
Suppose 213*s = 217*s - 12. Suppose 0 = 3*n + 5*o + s - 2, 0 = -5*n + 5*o + 65. What is the greatest common divisor of 200 and n?
8
Let y = 1832 + -1464. What is the greatest common factor of y and 46?
46
Suppose 6*n = 3*n + 60. Let c be 0/1 + (-120)/(2 - 4). What is the highest common divisor of c and n?
20
Let l(f) = 5*f**2 - 2*f + 3. Let k be l(1). Let d be -4 - (4 - 228/k). Calculate the greatest common divisor of d and 30.
30
Let b(a) = -15*a - 21 + 42 - 6*a + 113. Let t be b(6). What is the greatest common factor of 136 and t?
8
Suppose b + 10 - 3 = 2*g, 5*b - 4 = -3*g. What is the greatest common factor of g and 97?
1
Let g(o) = -6*o + 263. Let w be g(42). Let v(x) = -x**2 + 13*x + 2. Let d be v(w). Calculate the greatest common factor of 396 and d.
12
Let h(j) = -50 - 17*j + 4*j**2 + 2*j**2 - 75 + 169 + j**3. Let r be h(4). What is the greatest common divisor of 8 and r?
8
Let s = 893 - -564. Suppose 215 = 31*h + 680, 5*a - 190 = -h - 2*h. Calculate the highest common factor of s and a.
47
Let i = 16310 - 16306. What is the greatest common factor of i and 4976?
4
Let f = 271 - 272. Let q be (-144)/((f + 0)/((-3)/(-2))). Calculate the highest common factor of q and 48.
24
Let c be ((-1)/(-2))/((-5162)/5164 - -1). Suppose 0 = 8*h - c - 1269. Suppose 3*i - i = h. What is the highest common factor of 40 and i?
40
Suppose 0 = 4*m - 4*w - 9776, -m + 9764 = 3*m - 2*w. What is the highest common factor of m and 46?
46
Let l(r) = 3*r**2 - 200*r + 1278. Let x be l(108). Calculate the greatest common factor of x and 6.
6
Let c(k) = k**2 + 27*k + 274. Let y be c(-23). Calculate the highest common factor of 364 and y.
182
Suppose 3*j = 3, 4*d - 2*j + 18 = -4*j. Let o be -4 - 311/d - 2/10. Calculate the highest common factor of 203 and o.
29
Suppose -6*v - 5*t = -2*v - 525, 0 = v - 8*t - 122. What is the greatest common factor of 1326 and v?
26
Suppose -29*c + 33*c = 24. Let a(d) = 3*d**3 - 13*d**2 - 4. Let b be a(c). What is the highest common divisor of 8 and b?
8
Let a be -12*-1*(-2 - -3). Suppose -235 - 225 = -10*h. Suppose 42*r - h*r = -48. What is the highest common divisor of r and a?
12
Suppose -8*y + 13*y + 1515 = 2*j, -7*j = -5*y - 5365. What is the highest common factor of j and 1463?
77
Let b be (15/((-450)/(-12)))/((-4)/(-10)) + 104. What is the greatest common factor of 805 and b?
35
Let u be (-18)/132 - 61110/(-924). Let w be (-2)/(-6) + 130/6. What is the highest common divisor of w and u?
22
Let x(q) = -2*q**3 - 17*q**2 - 11*q - 20. Let n be x(-8). Suppose 88 = 4*m + n*h, 4*h + 80 = 3*m - 0*h. What is the highest common divisor of m and 6?
6
Suppose 344 = 72*u - 592. Calculate the greatest common factor of u and 65.
13
Let b(g) = -33*g + 6. Let r be b(-3). Suppose -3*h - r = -0*h. Let j be (h - -10)*(-56)/10. Calculate the greatest common divisor of j and 20.
20
Let y = 45 + -43. Suppose -331 = -5*q + 2*i - 5*i, y*q = -4*i + 138. Let k be 1/(-2) + q/10. Calculate the greatest common factor of k and 15.
3
Let v(p) be the first derivative of -2*p**3/3 - 19*p**2/2 + 21*p - 51. Let u be v(-9). Calculate the highest common divisor of 40 and u.
10
Suppose 69 = -4*w + 3*g, -g + 4*g = -15. Let u be (-1713)/w + (-44)/77. Suppose 69 = 15*l - u. Calculate the highest common factor of l and 150.
10
Let z be (2 - 3)*((-2572)/56 + (-10)/140). What is the greatest common divisor of z and 1541?
23
Suppose 42*y + 26*y = 4*y + 512. What is the greatest common divisor of 3736 and y?
8
Let m(b) = -91*b**2 + 538*b + 90. Let c be m(6). Calculate the greatest common divisor of c and 24171.
21
Let g(z) = 47*z - 412. Let w be g(12). What is the highest common divisor of 2356 and w?
76
Let a = -21524 + 21655. What is the highest common factor of 1 and a?
1
Let f(z) = z**2 - z. Let y be f(3). Suppose y*h + 3 = 9*h. Let l = 9 - h. Calculate the highest common divisor of l and 8.
8
Suppose 0 = -0*a + 3*a - 60. Suppose 0 = 5*o + b + 125 - 374, 2*o - 96 = -4*b. Calculate the greatest common divisor of a and o.
10
Suppose -5*p + 41 = -t, -4*p = -0*p + 5*t - 27. Suppose 18*k - p*k - 320 = 0. Let q be 7*((31 - -1) + 0). What is the greatest common factor of k and q?
32
Suppose 2*g = 2*j + 1010, g - 17*j + 12*j - 485 = 0. What is the greatest common divisor of g and 935?
85
Suppose -d + 2*d = i + 23, 0 = 2*i + d + 52. Let q(r) = 34*r - 1191. Let b be q(36). Let v = b + i. What is the greatest common factor of 1 and v?
1
Let d(x) = x + 32. Let f be d(0). Suppose 838 - 88 = 5*w. Let u be ((-144)/(-45))/(20/w). Calculate the highest common factor of f and u.
8
Let g = -25 - -28. Suppose -5*k + 9 = g*m, k + 1 = -3*m - 2. Suppose k*w = -4*b + 81, 0*b + 3*w + 63 = 4*b. What is the greatest common divisor of 6 and b?
6
Let k be ((-616)/21 + 0)*-3. Let z = 235 - 211. What is the greatest common divisor of z and k?
8
Suppose 5*m - 521 - 154 = 0. Let p be ((-714)/85)/((-2)/(-15)). Let y = m + p. Calculate the greatest common factor of y and 9.
9
Let v(w) = 26*w**2 + 13*w + 11. Let i be v(-1). Let z be 31878/308*((-16)/3)/(-1). What is the highest common factor of z and i?
24
Suppose 14*d - 233 = 243. Let b be (-14)/(-77) - 1866/(-22). Calculate the greatest common divisor of d and b.
17
Let x(r) = 371*r - 282. Let y be x(5). Calculate the greatest com